{"id":163,"date":"2017-04-03T10:23:21","date_gmt":"2017-04-03T10:23:21","guid":{"rendered":"http:\/\/cars.controllogic.es\/?page_id=163"},"modified":"2017-09-04T19:53:53","modified_gmt":"2017-09-04T19:53:53","slug":"empresa","status":"publish","type":"page","link":"https:\/\/tallersplaja.com\/fr\/empresa\/","title":{"rendered":"Societe"},"content":{"rendered":"<p>[et_pb_section admin_label=\u00a0\u00bbsection\u00a0\u00bb][et_pb_row admin_label=\u00a0\u00bbrow\u00a0\u00bb][et_pb_column type=\u00a0\u00bb4_4&Prime;][et_pb_text admin_label=\u00a0\u00bbTexto\u00a0\u00bb background_layout=\u00a0\u00bblight\u00a0\u00bb text_orientation=\u00a0\u00bbleft\u00a0\u00bb use_border_color=\u00a0\u00bboff\u00a0\u00bb border_color=\u00a0\u00bb#ffffff\u00a0\u00bb border_style=\u00a0\u00bbsolid\u00a0\u00bb]<\/p>\n<div class=\" et_pb_row_inner et_pb_row_inner_0\">\n<div class=\"et_pb_column et_pb_column_4_4 et_pb_column_inner et_pb_column_inner_0\">\n<div class=\"et_pb_text et_pb_module et_pb_bg_layout_light et_pb_text_align_left et_pb_text_2\">\n<h2>Notre histoire<\/h2>\n<p>Talleres\u00a0de Plaja est n\u00e9 en 1920 \u00e0 Torroella de Montgri aux mains de Narciso Plaja Vidal. Comme d&rsquo;autres charretiers, le temps de voitures construites a commenc\u00e9 \u00e0 r\u00e9parer les v\u00e9hicules et les animaux squelettiques et traction m\u00e9canique. Dans ces ann\u00e9es, les corps des entra\u00eeneurs et des armoires et bo\u00eetes camions ont \u00e9t\u00e9 construites en bois.<\/p>\n<p>Narc\u00eds Plaja Presas a poursuivi l&rsquo;entreprise de son p\u00e8re Narc\u00eds Plaja Vidal. Apr\u00e8s la guerre civile de 1936-1939, ils ont d\u00fb red\u00e9marrer l&rsquo;entreprise avec la reconstruction des v\u00e9hicules endommag\u00e9s faisaient partie et de la flotte maigre qu&rsquo;il avait. Ce furent les ann\u00e9es de patches et des solutions imaginatives. Il r\u00e9pare l&rsquo;entreprise, la conception et la construction de tous les types de moteurs et de v\u00e9hicules du corps et les entra\u00eeneurs.<\/p>\n<p>Depuis lors, la boutique a \u00e9t\u00e9 transmis de g\u00e9n\u00e9ration en g\u00e9n\u00e9ration. Font Salvi Plaja en 1973, a poursuivi l&rsquo;entreprise de son p\u00e8re de s&rsquo;installer \u00e0 L&rsquo;Escala. Il est actuellement entre les mains de la quatri\u00e8me g\u00e9n\u00e9ration de la famille, Xavier Plaja Mir\u00f3.<\/p>\n<\/div>\n<\/div>\n<\/div>\n<p>[\/et_pb_text][et_pb_image admin_label=\u00a0\u00bbImagen\u00a0\u00bb src=\u00a0\u00bbhttps:\/\/tallersplaja.com\/wp-content\/uploads\/2017\/04\/IMG_20170626_124427170.jpg\u00a0\u00bb show_in_lightbox=\u00a0\u00bboff\u00a0\u00bb url_new_window=\u00a0\u00bboff\u00a0\u00bb animation=\u00a0\u00bboff\u00a0\u00bb sticky=\u00a0\u00bboff\u00a0\u00bb align=\u00a0\u00bbleft\u00a0\u00bb force_fullwidth=\u00a0\u00bboff\u00a0\u00bb always_center_on_mobile=\u00a0\u00bbon\u00a0\u00bb use_border_color=\u00a0\u00bboff\u00a0\u00bb border_color=\u00a0\u00bb#ffffff\u00a0\u00bb border_style=\u00a0\u00bbsolid\u00a0\u00bb use_overlay=\u00a0\u00bboff\u00a0\u00bb] [\/et_pb_image][\/et_pb_column][\/et_pb_row][\/et_pb_section]<\/p>","protected":false},"excerpt":{"rendered":"<p>Notre histoire Talleres\u00a0de Plaja est n\u00e9 en 1920 \u00e0 Torroella de Montgri aux mains de Narciso Plaja Vidal. Comme d&rsquo;autres charretiers, le temps de voitures construites a commenc\u00e9 \u00e0 r\u00e9parer les v\u00e9hicules et les animaux squelettiques et traction m\u00e9canique. Dans ces ann\u00e9es, les corps des entra\u00eeneurs et des armoires et bo\u00eetes camions ont \u00e9t\u00e9 construites [&hellip;]<\/p>\n","protected":false},"author":5,"featured_media":0,"parent":0,"menu_order":0,"comment_status":"open","ping_status":"open","template":"","meta":{"_et_pb_use_builder":"on","_et_pb_old_content":"","_et_gb_content_width":"","footnotes":""},"class_list":["post-163","page","type-page","status-publish","hentry"],"_links":{"self":[{"href":"https:\/\/tallersplaja.com\/fr\/wp-json\/wp\/v2\/pages\/163"}],"collection":[{"href":"https:\/\/tallersplaja.com\/fr\/wp-json\/wp\/v2\/pages"}],"about":[{"href":"https:\/\/tallersplaja.com\/fr\/wp-json\/wp\/v2\/types\/page"}],"author":[{"embeddable":true,"href":"https:\/\/tallersplaja.com\/fr\/wp-json\/wp\/v2\/users\/5"}],"replies":[{"embeddable":true,"href":"https:\/\/tallersplaja.com\/fr\/wp-json\/wp\/v2\/comments?post=163"}],"version-history":[{"count":14,"href":"https:\/\/tallersplaja.com\/fr\/wp-json\/wp\/v2\/pages\/163\/revisions"}],"predecessor-version":[{"id":1070,"href":"https:\/\/tallersplaja.com\/fr\/wp-json\/wp\/v2\/pages\/163\/revisions\/1070"}],"wp:attachment":[{"href":"https:\/\/tallersplaja.com\/fr\/wp-json\/wp\/v2\/media?parent=163"}],"curies":[{"name":"wp","href":"https:\/\/api.w.org\/{rel}","templated":true}]}}

<p>[et_pb_section admin_label= »section »][et_pb_row admin_label= »row »][et_pb_column type= »4_4&Prime;][et_pb_text admin_label= »Texto » background_layout= »light » text_orientation= »left » use_border_color= »off » border_color= »#ffffff » border_style= »solid »]</p>
<div class=" et_pb_row_inner et_pb_row_inner_0">
<div class="et_pb_column et_pb_column_4_4 et_pb_column_inner et_pb_column_inner_0">
<div class="et_pb_text et_pb_module et_pb_bg_layout_light et_pb_text_align_left et_pb_text_2">
<h2>Notre histoire</h2>
<p>Talleres de Plaja est né en 1920 à Torroella de Montgri aux mains de Narciso Plaja Vidal. Comme d&rsquo;autres charretiers, le temps de voitures construites a commencé à réparer les véhicules et les animaux squelettiques et traction mécanique. Dans ces années, les corps des entraîneurs et des armoires et boîtes camions ont été construites en bois.</p>
<p>Narcís Plaja Presas a poursuivi l&rsquo;entreprise de son père Narcís Plaja Vidal. Après la guerre civile de 1936-1939, ils ont dû redémarrer l&rsquo;entreprise avec la reconstruction des véhicules endommagés faisaient partie et de la flotte maigre qu&rsquo;il avait. Ce furent les années de patches et des solutions imaginatives. Il répare l&rsquo;entreprise, la conception et la construction de tous les types de moteurs et de véhicules du corps et les entraîneurs.</p>
<p>Depuis lors, la boutique a été transmis de génération en génération. Font Salvi Plaja en 1973, a poursuivi l&rsquo;entreprise de son père de s&rsquo;installer à L&rsquo;Escala. Il est actuellement entre les mains de la quatrième génération de la famille, Xavier Plaja Miró.</p>
</div>
</div>
</div>
<p>[/et_pb_text][et_pb_image admin_label= »Imagen » src= »https://tallersplaja.com/wp-content/uploads/2017/04/IMG_20170626_124427170.jpg » show_in_lightbox= »off » url_new_window= »off » animation= »off » sticky= »off » align= »left » force_fullwidth= »off » always_center_on_mobile= »on » use_border_color= »off » border_color= »#ffffff » border_style= »solid » use_overlay= »off »] [/et_pb_image][/et_pb_column][/et_pb_row][/et_pb_section]</p>

<p>Notre histoire Talleres de Plaja est né en 1920 à Torroella de Montgri aux mains de Narciso Plaja Vidal. Comme d&rsquo;autres charretiers, le temps de voitures construites a commencé à réparer les véhicules et les animaux squelettiques et traction mécanique. Dans ces années, les corps des entraîneurs et des armoires et boîtes camions ont été construites [&hellip;]</p>
